{"id":1080,"date":"2019-10-06T08:05:01","date_gmt":"2019-10-06T06:05:01","guid":{"rendered":"http:\/\/www.stredniskola.com\/cz\/?page_id=1080"},"modified":"2025-10-13T11:32:03","modified_gmt":"2025-10-13T09:32:03","slug":"projekt-z-opvk-msmt-rozvoj-skoly-ii","status":"publish","type":"page","link":"https:\/\/www.stredniskola.com\/index.php\/dotace-eu\/projekt-z-opvk-msmt-rozvoj-skoly-ii\/","title":{"rendered":"2022 Projekt z OPVK M\u0160MT Rozvoj \u0161koly II"},"content":{"rendered":"<p><!--StartFragment--><\/p>\n\n\n<figure class=\"wp-block-image\"><img loading=\"lazy\" width=\"800\" height=\"183\" src=\"https:\/\/www.stredniskola.com\/cz\/wp-content\/uploads\/2019\/05\/logoVelke.jpg\" alt=\"\" class=\"wp-image-411\" srcset=\"https:\/\/www.stredniskola.com\/wp-content\/uploads\/2019\/05\/logoVelke.jpg 800w, https:\/\/www.stredniskola.com\/wp-content\/uploads\/2019\/05\/logoVelke-300x69.jpg 300w, https:\/\/www.stredniskola.com\/wp-content\/uploads\/2019\/05\/logoVelke-768x176.jpg 768w\" sizes=\"(max-width: 800px) 100vw, 800px\" \/><\/figure>\n\n\n\n<p>Na\u0161e \u0161kola usp\u011bla v z\u00edsk\u00e1n\u00ed grantov\u00fdch prost\u0159edk\u016f v r\u00e1mci V\u00fdzvy \u010d. 02_18_065 pro \u0160ablony pro S\u0160 a VO\u0160 II &#8211; MRR v prioritn\u00ed ose 3 OP, Opera\u010dn\u00edho programu V\u00fdzkum, v\u00fdvoj a vzd\u011bl\u00e1v\u00e1n\u00ed, pro obdob\u00ed 1.6. 2019 &#8211; 31.6. 2021. N\u00e1\u0161 projekt byl schv\u00e1len pod registra\u010dn\u00edm \u010d\u00edslem CZ.02.3.68\/0.0\/0.0\/18_065\/0014060.<\/p>\n\n\n\n<p>Projekt &#8222;Rozvoj \u0161koly II&#8220; \u00fasp\u011b\u0161n\u011b pro\u0161el procesem hodnocen\u00ed a byl schv\u00e1len k financov\u00e1n\u00ed v celkov\u00e9 v\u00fd\u0161i 985 994 K\u010d. Realizace za\u010dala 1.7.2019. <\/p>\n\n\n\n<p>Do projektu jsou za\u0159azeny person\u00e1ln\u00ed \u0161ablony (nap\u0159. \u0160koln\u00ed asistent, Speci\u00e1ln\u00ed pedagog, Dou\u010dov\u00e1n\u00ed \u017e\u00e1k\u016f, Koordin\u00e1tor odborn\u00e9 praxe.) i \u0161ablony podporuj\u00edc\u00ed osobn\u00ed rozvoj u\u010ditel\u016f formou DVPP (p\u0159edev\u0161\u00edm v oblasti IT) nebo st\u00e1\u017e\u00ed u firem (nap\u0159. v polygrafick\u00e9m pr\u016fmyslu).<\/p>\n\n\n\n<p><\/p>\n\n\n<p><!--EndFragment--><\/p>","protected":false},"excerpt":{"rendered":"<p>Na\u0161e \u0161kola usp\u011bla v z\u00edsk\u00e1n\u00ed grantov\u00fdch prost\u0159edk\u016f v r\u00e1mci V\u00fdzvy \u010d. 02_18_065 pro \u0160ablony pro S\u0160 a VO\u0160 II &#8211; MRR v prioritn\u00ed ose 3 OP, Opera\u010dn\u00edho programu V\u00fdzkum, v\u00fdvoj [&hellip;]<\/p>\n","protected":false},"author":3,"featured_media":0,"parent":339,"menu_order":0,"comment_status":"closed","ping_status":"closed","template":"","meta":[],"_links":{"self":[{"href":"https:\/\/www.stredniskola.com\/index.php\/wp-json\/wp\/v2\/pages\/1080"}],"collection":[{"href":"https:\/\/www.stredniskola.com\/index.php\/wp-json\/wp\/v2\/pages"}],"about":[{"href":"https:\/\/www.stredniskola.com\/index.php\/wp-json\/wp\/v2\/types\/page"}],"author":[{"embeddable":true,"href":"https:\/\/www.stredniskola.com\/index.php\/wp-json\/wp\/v2\/users\/3"}],"replies":[{"embeddable":true,"href":"https:\/\/www.stredniskola.com\/index.php\/wp-json\/wp\/v2\/comments?post=1080"}],"version-history":[{"count":6,"href":"https:\/\/www.stredniskola.com\/index.php\/wp-json\/wp\/v2\/pages\/1080\/revisions"}],"predecessor-version":[{"id":6841,"href":"https:\/\/www.stredniskola.com\/index.php\/wp-json\/wp\/v2\/pages\/1080\/revisions\/6841"}],"up":[{"embeddable":true,"href":"https:\/\/www.stredniskola.com\/index.php\/wp-json\/wp\/v2\/pages\/339"}],"wp:attachment":[{"href":"https:\/\/www.stredniskola.com\/index.php\/wp-json\/wp\/v2\/media?parent=1080"}],"curies":[{"name":"wp","href":"https:\/\/api.w.org\/{rel}","templated":true}]}}

2022 Projekt z OPVK MŠMT Rozvoj školy II

<p><!--StartFragment--></p>


<figure class="wp-block-image"><img loading="lazy" width="800" height="183" src="https://www.stredniskola.com/cz/wp-content/uploads/2019/05/logoVelke.jpg" alt="" class="wp-image-411" srcset="https://www.stredniskola.com/wp-content/uploads/2019/05/logoVelke.jpg 800w, https://www.stredniskola.com/wp-content/uploads/2019/05/logoVelke-300x69.jpg 300w, https://www.stredniskola.com/wp-content/uploads/2019/05/logoVelke-768x176.jpg 768w" sizes="(max-width: 800px) 100vw, 800px" /></figure>



<p>Naše škola uspěla v získání grantových prostředků v rámci Výzvy č. 02_18_065 pro Šablony pro SŠ a VOŠ II &#8211; MRR v prioritní ose 3 OP, Operačního programu Výzkum, vývoj a vzdělávání, pro období 1.6. 2019 &#8211; 31.6. 2021. Náš projekt byl schválen pod registračním číslem CZ.02.3.68/0.0/0.0/18_065/0014060.</p>



<p>Projekt &#8222;Rozvoj školy II&#8220; úspěšně prošel procesem hodnocení a byl schválen k financování v celkové výši 985 994 Kč. Realizace začala 1.7.2019. </p>



<p>Do projektu jsou zařazeny personální šablony (např. Školní asistent, Speciální pedagog, Doučování žáků, Koordinátor odborné praxe.) i šablony podporující osobní rozvoj učitelů formou DVPP (především v oblasti IT) nebo stáží u firem (např. v polygrafickém průmyslu).</p>



<p></p>


<p><!--EndFragment--></p>

<p>Naše škola uspěla v získání grantových prostředků v rámci Výzvy č. 02_18_065 pro Šablony pro SŠ a VOŠ II &#8211; MRR v prioritní ose 3 OP, Operačního programu Výzkum, vývoj [&hellip;]</p>
