{"id":232,"date":"2019-05-21T14:50:27","date_gmt":"2019-05-21T12:50:27","guid":{"rendered":"http:\/\/www.stredniskola.com\/cz\/?page_id=232"},"modified":"2026-01-27T17:02:08","modified_gmt":"2026-01-27T16:02:08","slug":"obchodnik-specialista-na-informacni-technologie","status":"publish","type":"page","link":"https:\/\/www.stredniskola.com\/index.php\/obory\/obchodnik-specialista-na-informacni-technologie\/","title":{"rendered":"Obchodn\u00edk specialista na informa\u010dn\u00ed technologie"},"content":{"rendered":"\n<p class=\"has-white-color has-vivid-red-background-color has-text-color has-background has-medium-font-size\"> ve \u0161koln\u00edm roce 2026\/2027 nebudeme otv\u00edrat <\/p>\n\n\n\n<h3>k\u00f3d oboru: 66-41-L\/01<\/h3>\n\n\n\n<p><strong>Denn\u00ed studium &#8211; 4 roky &#8211; maturita<\/strong><\/p>\n\n\n\n<p>Uchaze\u010di se p\u0159ipravuj\u00ed jak po str\u00e1nce teoretick\u00e9, tak i prakticky pro \u0161irok\u00e9 spektrum ekonomick\u00fdch, obchodn\u00edch, administrativn\u00edch a organiza\u010dn\u00edch \u010dinnost\u00ed spojen\u00fdch s provozem a \u0159\u00edzen\u00edm maloobchodn\u00ed jednotky \u010di obchodn\u00ed firmy. Jedn\u00e1 se zejm\u00e9na o \u010dinnosti marketingov\u00e9 a prodejn\u00ed, veden\u00ed \u00fa\u010detnictv\u00ed, vy\u0159izov\u00e1n\u00ed obchodn\u00ed korespondence, financov\u00e1n\u00ed podniku, person\u00e1ln\u00ed \u010dinnosti.<\/p>\n\n\n\n<figure class=\"wp-block-image\"><img loading=\"lazy\" width=\"1024\" height=\"682\" src=\"https:\/\/www.stredniskola.com\/cz\/wp-content\/uploads\/2019\/12\/DSC_3537_M-1-1024x682.jpg\" alt=\"\" class=\"wp-image-1369\" srcset=\"https:\/\/www.stredniskola.com\/wp-content\/uploads\/2019\/12\/DSC_3537_M-1-1024x682.jpg 1024w, https:\/\/www.stredniskola.com\/wp-content\/uploads\/2019\/12\/DSC_3537_M-1-300x200.jpg 300w, https:\/\/www.stredniskola.com\/wp-content\/uploads\/2019\/12\/DSC_3537_M-1-768x512.jpg 768w, https:\/\/www.stredniskola.com\/wp-content\/uploads\/2019\/12\/DSC_3537_M-1-750x500.jpg 750w, https:\/\/www.stredniskola.com\/wp-content\/uploads\/2019\/12\/DSC_3537_M-1.jpg 1400w\" sizes=\"(max-width: 1024px) 100vw, 1024px\" \/><figcaption>nov\u00e1 PC u\u010debna<\/figcaption><\/figure>\n\n\n\n<p>Specializace na informa\u010dn\u00ed technologie je ur\u010dena pro uchaze\u010de se z\u00e1jmem o obchodn\u00ed \u010dinnost spojenou s vyu\u017eit\u00edm v\u00fdpo\u010detn\u00ed techniky v ekonomice. V\u00fduka poskytuje \u017e\u00e1k\u016fm v\u011bdomosti ekonomick\u00e9ho, obchodn\u00edho a pr\u00e1vn\u00edho charakteru podlo\u017een\u00e9 znalost\u00ed pr\u00e1ce na po\u010d\u00edta\u010di. V tomto oboru, v porovn\u00e1n\u00ed s&nbsp;ostatn\u00edmi obory, jsou prob\u00edr\u00e1ny jak ekonomick\u00e9 p\u0159edm\u011bty, tak i p\u0159edm\u011bty zam\u011b\u0159en\u00e9 na informatiku. Je vhodnou volbou pro&nbsp;chlapce i d\u00edvky bez jednozna\u010dn\u011b vyhran\u011bn\u00e9ho z\u00e1jmu o&nbsp;IT nebo ekonomiku.<\/p>\n\n\n\n<p><strong>P\u0158EDNOSTI&nbsp;<\/strong><strong>VZD\u011aL\u00c1VAC\u00cdHO PROGRAMU<\/strong><\/p>\n\n\n\n<ul><li>\u010dasto po\u017eadovan\u00e9 praktick\u00e9 ekonomick\u00e9 znalosti a dovednosti<\/li><li>v\u011bt\u0161\u00ed po\u010det hodin informa\u010dn\u00edch a komunika\u010dn\u00edch technologi\u00ed<\/li><li>zku\u0161en\u00ed pedagogov\u00e9<\/li><li>individu\u00e1ln\u00ed p\u0159\u00edstup ke student\u016fm<\/li><li>zapojen\u00ed do projektu DreamSpark &#8211; studenti z\u00edskaj\u00ed zdarma v\u00fdukov\u00e9 softwarov\u00e9 licence, jejich\u017e cena \u010din\u00ed a\u017e 100 000,-K\u010d&nbsp;<\/li><\/ul>\n\n\n\n<p><strong>UPLATN\u011aN\u00cd ABSOLVENT\u016e<\/strong><\/p>\n\n\n\n<p>Absolvent\/absolventka se uplatn\u00ed v&nbsp;oblasti u\u017eit\u00ed ekonomick\u00e9ho a kancel\u00e1\u0159sk\u00e9ho software jak u podnikatelsk\u00fdch subjekt\u016f , tak i ve st\u00e1tn\u00ed spr\u00e1v\u011b a neziskov\u00fdch organizac\u00edch.<\/p>\n\n\n\n<figure class=\"wp-block-image\"><img loading=\"lazy\" width=\"1024\" height=\"682\" src=\"https:\/\/www.stredniskola.com\/cz\/wp-content\/uploads\/2019\/12\/DSC_3470_M-1024x682.jpg\" alt=\"\" class=\"wp-image-1370\" srcset=\"https:\/\/www.stredniskola.com\/wp-content\/uploads\/2019\/12\/DSC_3470_M-1024x682.jpg 1024w, https:\/\/www.stredniskola.com\/wp-content\/uploads\/2019\/12\/DSC_3470_M-300x200.jpg 300w, https:\/\/www.stredniskola.com\/wp-content\/uploads\/2019\/12\/DSC_3470_M-768x512.jpg 768w, https:\/\/www.stredniskola.com\/wp-content\/uploads\/2019\/12\/DSC_3470_M-750x500.jpg 750w, https:\/\/www.stredniskola.com\/wp-content\/uploads\/2019\/12\/DSC_3470_M.jpg 1400w\" sizes=\"(max-width: 1024px) 100vw, 1024px\" \/><figcaption>fiktivn\u00ed firma<\/figcaption><\/figure>\n\n\n\n<p>Absolventi mohou uva\u017eovat o dal\u0161\u00edm studium na VO\u0160, V\u0160.<\/p>\n\n\n\n<h3>STUDIJN\u00cd PL\u00c1N<\/h3>\n\n\n\n<figure class=\"wp-block-table\"><table><tbody><tr><td><strong>N\u00e1zev p\u0159edm\u011btu<\/strong><\/td><td><strong>1. ro\u010d.<\/strong><\/td><td><strong>2. ro\u010d.<\/strong><\/td><td><strong>3. ro\u010d.<\/strong><\/td><td><strong>4. ro\u010d.<\/strong><\/td><\/tr><tr><td>\u010cesk\u00fd jazyk a literatura<\/td><td>3<\/td><td>3<\/td><td>3<\/td><td>4<\/td><\/tr><tr><td>Prvn\u00ed ciz\u00ed jazyk<\/td><td>4<\/td><td>4<\/td><td>4<\/td><td>3<\/td><\/tr><tr><td>Druh\u00fd ciz\u00ed jazyk<\/td><td>1,5<\/td><td>1,5<\/td><td>1,5<\/td><td>1,5<\/td><\/tr><tr><td>Z\u00e1klady spole\u010densk\u00fdch v\u011bd<\/td><td>0<\/td><td>1<\/td><td>1<\/td><td>1<\/td><\/tr><tr><td>D\u011bjepis<\/td><td>2<\/td><td>0<\/td><td>0<\/td><td>0<\/td><\/tr><tr><td>Matematika<\/td><td>3<\/td><td>3<\/td><td>3<\/td><td>3<\/td><\/tr><tr><td>Z\u00e1klady p\u0159\u00edrodn\u00edch v\u011bd<\/td><td>2<\/td><td>1<\/td><td>1<\/td><td>0<\/td><\/tr><tr><td>T\u011blesn\u00e1 v\u00fdchova<\/td><td>2<\/td><td>2<\/td><td>2<\/td><td>2<\/td><\/tr><tr><td>Ekonomika<\/td><td>2<\/td><td>2<\/td><td>2<\/td><td>2<\/td><\/tr><tr><td>Obchodn\u00ed provoz a logistika<\/td><td>1<\/td><td>1<\/td><td>1<\/td><td>1<\/td><\/tr><tr><td>Marketing<\/td><td>0<\/td><td>0<\/td><td>0<\/td><td>2<\/td><\/tr><tr><td>Management jakosti<\/td><td>2<\/td><td>2<\/td><td>1<\/td><td>1<\/td><\/tr><tr><td>Obchodn\u00ed korespondence<\/td><td>1<\/td><td>0<\/td><td>0<\/td><td>0<\/td><\/tr><tr><td>\u00da\u010detnictv\u00ed<\/td><td>0<\/td><td>2<\/td><td>2<\/td><td>2<\/td><\/tr><tr><td>Informa\u010dn\u00ed a komunika\u010dn\u00ed techno.<\/td><td>2<\/td><td>1<\/td><td>1<\/td><td>1<\/td><\/tr><tr><td>Pr\u00e1vn\u00ed nauka<\/td><td>0<\/td><td>0<\/td><td>0<\/td><td>2<\/td><\/tr><tr><td>Struktura obchodn\u00edho sortimentu<\/td><td>1<\/td><td>1<\/td><td>2<\/td><td>2<\/td><\/tr><tr><td>Aplikovan\u00e1 psychologie<\/td><td>0<\/td><td>1<\/td><td>0<\/td><td>0<\/td><\/tr><tr><td>Aplikovan\u00e1 informatika<\/td><td>1<\/td><td>1<\/td><td>1<\/td><td>1<\/td><\/tr><tr><td>Odborn\u00fd v\u00fdcvik na firm\u00e1ch<\/td><td>3<\/td><td>3,5<\/td><td>3,5<\/td><td>0<\/td><\/tr><tr><td> Odborn\u00fd v\u00fdcvik fiktivn\u00ed firma<\/td><td>1<\/td><td>1<\/td><td>1<\/td><td>2<\/td><\/tr><tr><td> Odborn\u00fd v\u00fdcvik aplikace na PC<\/td><td>1<\/td><td>1<\/td><td>1<\/td><td>1<\/td><\/tr><tr><td> Odborn\u00fd v\u00fdcvik informa\u010dn\u00ed technologie<\/td><td>0<\/td><td>1<\/td><td>1<\/td><td>0<\/td><\/tr><\/tbody><\/table><\/figure>\n","protected":false},"excerpt":{"rendered":"<p>ve \u0161koln\u00edm roce 2026\/2027 nebudeme otv\u00edrat k\u00f3d oboru: 66-41-L\/01 Denn\u00ed studium &#8211; 4 roky &#8211; maturita Uchaze\u010di se p\u0159ipravuj\u00ed jak po str\u00e1nce teoretick\u00e9, tak i prakticky pro \u0161irok\u00e9 spektrum ekonomick\u00fdch, [&hellip;]<\/p>\n","protected":false},"author":1,"featured_media":0,"parent":221,"menu_order":0,"comment_status":"closed","ping_status":"closed","template":"","meta":[],"_links":{"self":[{"href":"https:\/\/www.stredniskola.com\/index.php\/wp-json\/wp\/v2\/pages\/232"}],"collection":[{"href":"https:\/\/www.stredniskola.com\/index.php\/wp-json\/wp\/v2\/pages"}],"about":[{"href":"https:\/\/www.stredniskola.com\/index.php\/wp-json\/wp\/v2\/types\/page"}],"author":[{"embeddable":true,"href":"https:\/\/www.stredniskola.com\/index.php\/wp-json\/wp\/v2\/users\/1"}],"replies":[{"embeddable":true,"href":"https:\/\/www.stredniskola.com\/index.php\/wp-json\/wp\/v2\/comments?post=232"}],"version-history":[{"count":7,"href":"https:\/\/www.stredniskola.com\/index.php\/wp-json\/wp\/v2\/pages\/232\/revisions"}],"predecessor-version":[{"id":7119,"href":"https:\/\/www.stredniskola.com\/index.php\/wp-json\/wp\/v2\/pages\/232\/revisions\/7119"}],"up":[{"embeddable":true,"href":"https:\/\/www.stredniskola.com\/index.php\/wp-json\/wp\/v2\/pages\/221"}],"wp:attachment":[{"href":"https:\/\/www.stredniskola.com\/index.php\/wp-json\/wp\/v2\/media?parent=232"}],"curies":[{"name":"wp","href":"https:\/\/api.w.org\/{rel}","templated":true}]}}