{"id":238,"date":"2019-05-21T14:50:28","date_gmt":"2019-05-21T12:50:28","guid":{"rendered":"http:\/\/www.stredniskola.com\/cz\/?page_id=238"},"modified":"2019-12-15T17:36:26","modified_gmt":"2019-12-15T16:36:26","slug":"prodavac","status":"publish","type":"page","link":"https:\/\/www.stredniskola.com\/index.php\/ucebni-obory\/prodavac\/","title":{"rendered":"Prodava\u010d"},"content":{"rendered":"\n<h3><strong>k\u00f3d oboru: 66-51-H\/01<\/strong><\/h3>\n\n\n\n<p>Denn\u00ed studium &#8211; 3 roky &#8211; v\u00fdu\u010dn\u00ed list<\/p>\n\n\n\n<p>Absolvent \u0161koln\u00edho vzd\u011bl\u00e1vac\u00edho programu prodava\u010d se uplatn\u00ed p\u0159i v\u00fdkonu povol\u00e1n\u00ed prodava\u010d nebo pokladn\u00ed v obchod\u011b v pozici zam\u011bstnance velk\u00fdch, st\u0159edn\u011b velk\u00fdch a mal\u00fdch provozoven. Absolvent um\u00ed p\u0159ipravit zbo\u017e\u00ed k prodeji, vystav\u00ed zbo\u017e\u00ed, ovl\u00e1d\u00e1 techniku prodeje zbo\u017e\u00ed r\u016fzn\u00e9ho sortimentu. P\u0159edv\u00e1d\u00ed zbo\u017e\u00ed z\u00e1kazn\u00edkovi i s n\u00e1le\u017eit\u00fdm odborn\u00fdm v\u00fdkladem, vystav\u00ed pot\u0159ebn\u00e9 doklady spojen\u00e9 s prodejem, vy\u0159\u00edd\u00ed reklamaci z\u00e1kazn\u00edka. Absolvent um\u00ed obsluhovat r\u016fzn\u00e9 pokladn\u00ed syst\u00e9my, prov\u00e1d\u00ed hotovostn\u00ed i bezhotovostn\u00ed platby v \u010desk\u00e9 i jin\u00e9 m\u011bn\u011b. Po z\u00edsk\u00e1n\u00ed nezbytn\u00e9 praxe je p\u0159ipraven uplatnit se i jako podnikatel v mal\u00fdch obchodn\u00edch firm\u00e1ch a \u017eivnostech.&nbsp;Studium je ukon\u010deno z\u00e1v\u011bre\u010dn\u00fdmi u\u010d\u0148ovsk\u00fdmi zkou\u0161kami a vyd\u00e1n\u00edm v\u00fdu\u010dn\u00edho listu.<\/p>\n\n\n\n<figure class=\"wp-block-image\"><img loading=\"lazy\" width=\"683\" height=\"1024\" src=\"https:\/\/www.stredniskola.com\/cz\/wp-content\/uploads\/2019\/12\/bufet-683x1024.jpg\" alt=\"\" class=\"wp-image-1375\" srcset=\"https:\/\/www.stredniskola.com\/wp-content\/uploads\/2019\/12\/bufet-683x1024.jpg 683w, https:\/\/www.stredniskola.com\/wp-content\/uploads\/2019\/12\/bufet-200x300.jpg 200w, https:\/\/www.stredniskola.com\/wp-content\/uploads\/2019\/12\/bufet-768x1152.jpg 768w, https:\/\/www.stredniskola.com\/wp-content\/uploads\/2019\/12\/bufet-750x1125.jpg 750w, https:\/\/www.stredniskola.com\/wp-content\/uploads\/2019\/12\/bufet.jpg 1000w\" sizes=\"(max-width: 683px) 100vw, 683px\" \/><\/figure>\n\n\n\n<p>B\u011bhem studia budou m\u00edt studenti mo\u017enost roz\u0161\u00ed\u0159it sv\u00e9 znalosti a dovednosti absolvov\u00e1n\u00edmbarmansk\u00e9ho kurzu a kurzu studen\u00e9 kuchyn\u011b, po jeho\u017e absolvov\u00e1n\u00ed obdr\u017e\u00ed&nbsp;osv\u011bd\u010den\u00ed Asociace barman\u016f a kucha\u0159\u016f \u010cR.<\/p>\n\n\n\n<figure class=\"wp-block-image\"><img loading=\"lazy\" width=\"752\" height=\"500\" src=\"https:\/\/www.stredniskola.com\/cz\/wp-content\/uploads\/2019\/12\/barista.jpg\" alt=\"\" class=\"wp-image-1377\" srcset=\"https:\/\/www.stredniskola.com\/wp-content\/uploads\/2019\/12\/barista.jpg 752w, https:\/\/www.stredniskola.com\/wp-content\/uploads\/2019\/12\/barista-300x199.jpg 300w, https:\/\/www.stredniskola.com\/wp-content\/uploads\/2019\/12\/barista-750x499.jpg 750w\" sizes=\"(max-width: 752px) 100vw, 752px\" \/><\/figure>\n\n\n\n<p>Po \u00fasp\u011b\u0161n\u00e9m ukon\u010den\u00ed t\u0159\u00edlet\u00e9ho studia mohou studenti vyu\u017e\u00edt mo\u017enosti pokra\u010dovat v 2-let\u00e9m n\u00e1stavbov\u00e9m studiu ukon\u010den\u00e9m maturitn\u00ed zkou\u0161kou na t\u00e9\u017ee \u0161kole.<\/p>\n\n\n\n<p>Uplatn\u011bn\u00ed<strong>:<\/strong><\/p>\n\n\n\n<ul><li>prodej zbo\u017e\u00ed rozmanit\u00e9ho sortimentu<\/li><li>pokladn\u00ed v obchod\u011b<\/li><\/ul>\n\n\n\n<table class=\"wp-block-table\"><tbody><tr><td>STUDIJN\u00cd PL\u00c1N<\/td><\/tr><tr><td>N\u00e1zev p\u0159edm\u011btu<\/td><td>1.ro\u010dn\u00edk<br>(hodin t\u00fddn\u011b)<\/td><td>2.ro\u010dn\u00edk<br>(hodin t\u00fddn\u011b)<\/td><td>3.ro\u010dn\u00edk<br>(hodin t\u00fddn\u011b)<\/td><\/tr><tr><td>\u010cesk\u00fd jazyk a literatura<\/td><td>2<\/td><td>2<\/td><td>1<\/td><\/tr><tr><td>Ciz\u00ed jazyk<\/td><td>2<\/td><td>2<\/td><td>2<\/td><\/tr><tr><td>Ob\u010dansk\u00e1 nauka<\/td><td>1<\/td><td>1<\/td><td>1<\/td><\/tr><tr><td>Matematika<\/td><td>1<\/td><td>1<\/td><td>1<\/td><\/tr><tr><td>Z\u00e1klady p\u0159\u00edrodn\u00edch v\u011bd<\/td><td>1<\/td><td>1<\/td><td>1<\/td><\/tr><tr><td>T\u011blesn\u00e1 v\u00fdchova<\/td><td>1<\/td><td>1<\/td><td>1<\/td><\/tr><tr><td>Ekonomika<\/td><td>&#8211;<\/td><td>1<\/td><td>1,5<\/td><\/tr><tr><td>Terminologie produkt\u016f<\/td><td>2<\/td><td>2<\/td><td>2<\/td><\/tr><tr><td>Obchodn\u00ed provoz<\/td><td>1<\/td><td>1<\/td><td>1<\/td><\/tr><tr><td>Psychologie prodeje<\/td><td>1<\/td><td>1<\/td><td>&#8211;<\/td><\/tr><tr><td>Propagace<\/td><td>1,5<\/td><td>&#8211;<\/td><td>&#8211;<\/td><\/tr><tr><td>Obchodn\u00ed po\u010dty<\/td><td>1<\/td><td>&#8211;<\/td><td>&#8211;<\/td><\/tr><tr><td>Informa\u010dn\u00ed a komunika\u010dn\u00ed technologie<\/td><td>1<\/td><td>1<\/td><td>1<\/td><\/tr><tr><td>Da\u0148ov\u00e1 evidence<\/td><td>&#8211;<\/td><td>&#8211;<\/td><td>2<\/td><\/tr><tr><td>Korespondence<\/td><td>1<\/td><td>1<\/td><td>&#8211;<\/td><\/tr><tr><td>Odborn\u00fd v\u00fdcvik<\/td><td>15<\/td><td>17,5<\/td><td>17,5<\/td><\/tr><\/tbody><\/table>\n","protected":false},"excerpt":{"rendered":"<p>k\u00f3d oboru: 66-51-H\/01 Denn\u00ed studium &#8211; 3 roky &#8211; v\u00fdu\u010dn\u00ed list Absolvent \u0161koln\u00edho vzd\u011bl\u00e1vac\u00edho programu prodava\u010d se uplatn\u00ed p\u0159i v\u00fdkonu povol\u00e1n\u00ed prodava\u010d nebo pokladn\u00ed v obchod\u011b v pozici zam\u011bstnance velk\u00fdch, [&hellip;]<\/p>\n","protected":false},"author":1,"featured_media":0,"parent":235,"menu_order":0,"comment_status":"closed","ping_status":"closed","template":"","meta":[],"_links":{"self":[{"href":"https:\/\/www.stredniskola.com\/index.php\/wp-json\/wp\/v2\/pages\/238"}],"collection":[{"href":"https:\/\/www.stredniskola.com\/index.php\/wp-json\/wp\/v2\/pages"}],"about":[{"href":"https:\/\/www.stredniskola.com\/index.php\/wp-json\/wp\/v2\/types\/page"}],"author":[{"embeddable":true,"href":"https:\/\/www.stredniskola.com\/index.php\/wp-json\/wp\/v2\/users\/1"}],"replies":[{"embeddable":true,"href":"https:\/\/www.stredniskola.com\/index.php\/wp-json\/wp\/v2\/comments?post=238"}],"version-history":[{"count":3,"href":"https:\/\/www.stredniskola.com\/index.php\/wp-json\/wp\/v2\/pages\/238\/revisions"}],"predecessor-version":[{"id":1378,"href":"https:\/\/www.stredniskola.com\/index.php\/wp-json\/wp\/v2\/pages\/238\/revisions\/1378"}],"up":[{"embeddable":true,"href":"https:\/\/www.stredniskola.com\/index.php\/wp-json\/wp\/v2\/pages\/235"}],"wp:attachment":[{"href":"https:\/\/www.stredniskola.com\/index.php\/wp-json\/wp\/v2\/media?parent=238"}],"curies":[{"name":"wp","href":"https:\/\/api.w.org\/{rel}","templated":true}]}}