{"id":419,"date":"2019-05-22T14:01:31","date_gmt":"2019-05-22T12:01:31","guid":{"rendered":"http:\/\/www.stredniskola.com\/cz\/?page_id=419"},"modified":"2025-10-13T11:41:57","modified_gmt":"2025-10-13T09:41:57","slug":"projekt-z-irop-polygraficke-studio","status":"publish","type":"page","link":"https:\/\/www.stredniskola.com\/index.php\/dotace-eu\/projekt-z-irop-polygraficke-studio\/","title":{"rendered":"2018 Projekt z IROP Polygrafick\u00e9 studio"},"content":{"rendered":"\n<p>Na\u0161e \u0161kola usp\u011bla v&nbsp;z\u00edsk\u00e1n\u00ed grantov\u00fdch prost\u0159edk\u016f v&nbsp;r\u00e1mci tzv. V\u00fdzvy \u010d. 33, Integrovan\u00e9ho region\u00e1ln\u00edho opera\u010dn\u00edho programu, 06.2 Zkvalitn\u011bn\u00ed ve\u0159ejn\u00fdch slu\u017eeb a podm\u00ednek \u017eivota pro obyvatele region, pro obdob\u00ed 1.12. 2017 &#8211; 31.6. 2018.<\/p>\n\n\n\n<p>Projekt &#8222;Polygrafick\u00e9 studio&#8220; \u00fasp\u011b\u0161n\u011b pro\u0161el procesem hodnocen\u00ed a byl&nbsp;schv\u00e1len k financov\u00e1n\u00ed v celkov\u00e9 v\u00fd\u0161i 4 831 786 K\u010d a ve \u0161koln\u00edm roce 2017\/2018  prob\u011bhla jeho realizace.<\/p>\n\n\n\n<p>Hlavn\u00edm c\u00edlem projektu bylo vybudov\u00e1n\u00ed odborn\u00e9 u\u010debny a po\u0159\u00edzen\u00ed kvalitn\u00edch polygrafick\u00fdch stroj\u016f, kter\u00e9 budou slou\u017eit odborn\u00e9mu v\u00fdcviku p\u0159edev\u0161\u00edm pro obor Reproduk\u010dn\u00ed grafik.<\/p>\n\n\n\n<p>Sou\u010d\u00e1st\u00ed realizace byly i stavebn\u00ed opravy a investice \u2013 zaji\u0161t\u011bn\u00ed bezbari\u00e9rov\u00e9ho vstupu do \u0161koly i u\u010debny, kter\u00e1 bude slou\u017eit jako Polygrafick\u00e9 studio. Z\u00e1rove\u0148 byla napl\u00e1nov\u00e1na rekonstrukce toalet, aby vyhovovaly \u017e\u00e1k\u016fm s\u00a0omezenou pohyblivost\u00ed. Na zahrad\u011b byl vybudov\u00e1n alt\u00e1n, kter\u00fd bude slou\u017eit pro v\u00fduku fotografov\u00e1n\u00ed v exteri\u00e9ru.<\/p>\n\n\n\n<div class=\"wp-block-image\"><figure class=\"aligncenter size-full\"><img loading=\"lazy\" width=\"300\" height=\"168\" src=\"https:\/\/www.stredniskola.com\/wp-content\/uploads\/2025\/10\/image.png\" alt=\"\" class=\"wp-image-6844\"\/><\/figure><\/div>\n\n\n\n<div class=\"wp-block-image\"><figure class=\"aligncenter\"><img src=\"https:\/\/opjak.cz\/wp-content\/uploads\/2023\/04\/Spolufinancovano-Evropskou-unii-Barevne-2.png\" alt=\"\"\/><\/figure><\/div>\n\n\n\n<div class=\"wp-block-image\"><figure class=\"aligncenter size-full\"><img loading=\"lazy\" width=\"484\" height=\"104\" src=\"https:\/\/www.stredniskola.com\/wp-content\/uploads\/2025\/10\/image-2.png\" alt=\"\" class=\"wp-image-6846\" srcset=\"https:\/\/www.stredniskola.com\/wp-content\/uploads\/2025\/10\/image-2.png 484w, https:\/\/www.stredniskola.com\/wp-content\/uploads\/2025\/10\/image-2-300x64.png 300w\" sizes=\"(max-width: 484px) 100vw, 484px\" \/><\/figure><\/div>\n","protected":false},"excerpt":{"rendered":"<p>Na\u0161e \u0161kola usp\u011bla v&nbsp;z\u00edsk\u00e1n\u00ed grantov\u00fdch prost\u0159edk\u016f v&nbsp;r\u00e1mci tzv. V\u00fdzvy \u010d. 33, Integrovan\u00e9ho region\u00e1ln\u00edho opera\u010dn\u00edho programu, 06.2 Zkvalitn\u011bn\u00ed ve\u0159ejn\u00fdch slu\u017eeb a podm\u00ednek \u017eivota pro obyvatele region, pro obdob\u00ed 1.12. 2017 &#8211; [&hellip;]<\/p>\n","protected":false},"author":3,"featured_media":0,"parent":339,"menu_order":0,"comment_status":"closed","ping_status":"closed","template":"","meta":[],"_links":{"self":[{"href":"https:\/\/www.stredniskola.com\/index.php\/wp-json\/wp\/v2\/pages\/419"}],"collection":[{"href":"https:\/\/www.stredniskola.com\/index.php\/wp-json\/wp\/v2\/pages"}],"about":[{"href":"https:\/\/www.stredniskola.com\/index.php\/wp-json\/wp\/v2\/types\/page"}],"author":[{"embeddable":true,"href":"https:\/\/www.stredniskola.com\/index.php\/wp-json\/wp\/v2\/users\/3"}],"replies":[{"embeddable":true,"href":"https:\/\/www.stredniskola.com\/index.php\/wp-json\/wp\/v2\/comments?post=419"}],"version-history":[{"count":6,"href":"https:\/\/www.stredniskola.com\/index.php\/wp-json\/wp\/v2\/pages\/419\/revisions"}],"predecessor-version":[{"id":6847,"href":"https:\/\/www.stredniskola.com\/index.php\/wp-json\/wp\/v2\/pages\/419\/revisions\/6847"}],"up":[{"embeddable":true,"href":"https:\/\/www.stredniskola.com\/index.php\/wp-json\/wp\/v2\/pages\/339"}],"wp:attachment":[{"href":"https:\/\/www.stredniskola.com\/index.php\/wp-json\/wp\/v2\/media?parent=419"}],"curies":[{"name":"wp","href":"https:\/\/api.w.org\/{rel}","templated":true}]}}

2018 Projekt z IROP Polygrafické studio

<p>Naše škola uspěla v&nbsp;získání grantových prostředků v&nbsp;rámci tzv. Výzvy č. 33, Integrovaného regionálního operačního programu, 06.2 Zkvalitnění veřejných služeb a podmínek života pro obyvatele region, pro období 1.12. 2017 &#8211; 31.6. 2018.</p>



<p>Projekt &#8222;Polygrafické studio&#8220; úspěšně prošel procesem hodnocení a byl&nbsp;schválen k financování v celkové výši 4 831 786 Kč a ve školním roce 2017/2018  proběhla jeho realizace.</p>



<p>Hlavním cílem projektu bylo vybudování odborné učebny a pořízení kvalitních polygrafických strojů, které budou sloužit odbornému výcviku především pro obor Reprodukční grafik.</p>



<p>Součástí realizace byly i stavební opravy a investice – zajištění bezbariérového vstupu do školy i učebny, která bude sloužit jako Polygrafické studio. Zároveň byla naplánována rekonstrukce toalet, aby vyhovovaly žákům s omezenou pohyblivostí. Na zahradě byl vybudován altán, který bude sloužit pro výuku fotografování v exteriéru.</p>



<div class="wp-block-image"><figure class="aligncenter size-full"><img loading="lazy" width="300" height="168" src="https://www.stredniskola.com/wp-content/uploads/2025/10/image.png" alt="" class="wp-image-6844"/></figure></div>



<div class="wp-block-image"><figure class="aligncenter"><img src="https://opjak.cz/wp-content/uploads/2023/04/Spolufinancovano-Evropskou-unii-Barevne-2.png" alt=""/></figure></div>



<div class="wp-block-image"><figure class="aligncenter size-full"><img loading="lazy" width="484" height="104" src="https://www.stredniskola.com/wp-content/uploads/2025/10/image-2.png" alt="" class="wp-image-6846" srcset="https://www.stredniskola.com/wp-content/uploads/2025/10/image-2.png 484w, https://www.stredniskola.com/wp-content/uploads/2025/10/image-2-300x64.png 300w" sizes="(max-width: 484px) 100vw, 484px" /></figure></div>

<p>Naše škola uspěla v&nbsp;získání grantových prostředků v&nbsp;rámci tzv. Výzvy č. 33, Integrovaného regionálního operačního programu, 06.2 Zkvalitnění veřejných služeb a podmínek života pro obyvatele region, pro období 1.12. 2017 &#8211; [&hellip;]</p>
