{"id":422,"date":"2019-05-22T14:02:32","date_gmt":"2019-05-22T12:02:32","guid":{"rendered":"http:\/\/www.stredniskola.com\/cz\/?page_id=422"},"modified":"2025-10-13T11:31:46","modified_gmt":"2025-10-13T09:31:46","slug":"projekt-z-op-vk-msmt-sablony-2","status":"publish","type":"page","link":"https:\/\/www.stredniskola.com\/index.php\/dotace-eu\/projekt-z-op-vk-msmt-sablony-2\/","title":{"rendered":"2019 Projekt z OP VK M\u0160MT Rozvoj \u0161koly"},"content":{"rendered":"\n<figure class=\"wp-block-image\"><img loading=\"lazy\" width=\"800\" height=\"183\" src=\"https:\/\/www.stredniskola.com\/cz\/wp-content\/uploads\/2019\/05\/logoVelke.jpg\" alt=\"\" class=\"wp-image-411\" srcset=\"https:\/\/www.stredniskola.com\/wp-content\/uploads\/2019\/05\/logoVelke.jpg 800w, https:\/\/www.stredniskola.com\/wp-content\/uploads\/2019\/05\/logoVelke-300x69.jpg 300w, https:\/\/www.stredniskola.com\/wp-content\/uploads\/2019\/05\/logoVelke-768x176.jpg 768w\" sizes=\"(max-width: 800px) 100vw, 800px\" \/><\/figure>\n\n\n\n<p>Na\u0161e \u0161kola usp\u011bla v&nbsp;z\u00edsk\u00e1n\u00ed grantov\u00fdch prost\u0159edk\u016f v&nbsp;r\u00e1mci tzv. V\u00fdzvy \u010d. 02_16_035 Podpora \u0161kol formou projekt\u016f zjednodu\u0161en\u00e9ho vykazov\u00e1n\u00ed, Opera\u010dn\u00edho programu V\u00fdzkum, v\u00fdvoj a vzd\u011bl\u00e1v\u00e1n\u00ed, pro obdob\u00ed 1.9. 2017 &#8211; 31.6. 2019.<\/p>\n\n\n\n<p>Projekt &#8222;Rozvoj \u0161koly&#8220; \u00fasp\u011b\u0161n\u011b pro\u0161el procesem hodnocen\u00ed a byl&nbsp;schv\u00e1len k financov\u00e1n\u00ed v celkov\u00e9 v\u00fd\u0161i 668 218 K\u010d.  Realizace prob\u011bhla ve \u0161koln\u00edm roce 2017\/2018 a 2018\/2019.<\/p>\n\n\n\n<p>Do projektu byly za\u0159azeny person\u00e1ln\u00ed \u0161ablony (nap\u0159. \u0160koln\u00ed asistent, Dou\u010dov\u00e1n\u00ed \u017e\u00e1k\u016f, Koordin\u00e1tor odborn\u00e9 praxxe.) i \u0161ablony podporuj\u00edc\u00ed osobn\u00ed rozvoj u\u010ditel\u016f formou DVPP (p\u0159edev\u0161\u00edm v oblasti IT) nebo st\u00e1\u017e\u00ed u firem (nap\u0159. v polygrafick\u00e9m pr\u016fmyslu).<\/p>\n","protected":false},"excerpt":{"rendered":"<p>Na\u0161e \u0161kola usp\u011bla v&nbsp;z\u00edsk\u00e1n\u00ed grantov\u00fdch prost\u0159edk\u016f v&nbsp;r\u00e1mci tzv. V\u00fdzvy \u010d. 02_16_035 Podpora \u0161kol formou projekt\u016f zjednodu\u0161en\u00e9ho vykazov\u00e1n\u00ed, Opera\u010dn\u00edho programu V\u00fdzkum, v\u00fdvoj a vzd\u011bl\u00e1v\u00e1n\u00ed, pro obdob\u00ed 1.9. 2017 &#8211; 31.6. 2019. [&hellip;]<\/p>\n","protected":false},"author":1,"featured_media":0,"parent":339,"menu_order":0,"comment_status":"closed","ping_status":"closed","template":"","meta":[],"_links":{"self":[{"href":"https:\/\/www.stredniskola.com\/index.php\/wp-json\/wp\/v2\/pages\/422"}],"collection":[{"href":"https:\/\/www.stredniskola.com\/index.php\/wp-json\/wp\/v2\/pages"}],"about":[{"href":"https:\/\/www.stredniskola.com\/index.php\/wp-json\/wp\/v2\/types\/page"}],"author":[{"embeddable":true,"href":"https:\/\/www.stredniskola.com\/index.php\/wp-json\/wp\/v2\/users\/1"}],"replies":[{"embeddable":true,"href":"https:\/\/www.stredniskola.com\/index.php\/wp-json\/wp\/v2\/comments?post=422"}],"version-history":[{"count":4,"href":"https:\/\/www.stredniskola.com\/index.php\/wp-json\/wp\/v2\/pages\/422\/revisions"}],"predecessor-version":[{"id":6840,"href":"https:\/\/www.stredniskola.com\/index.php\/wp-json\/wp\/v2\/pages\/422\/revisions\/6840"}],"up":[{"embeddable":true,"href":"https:\/\/www.stredniskola.com\/index.php\/wp-json\/wp\/v2\/pages\/339"}],"wp:attachment":[{"href":"https:\/\/www.stredniskola.com\/index.php\/wp-json\/wp\/v2\/media?parent=422"}],"curies":[{"name":"wp","href":"https:\/\/api.w.org\/{rel}","templated":true}]}}